{"id":8298,"date":"2024-10-21T06:24:13","date_gmt":"2024-10-21T06:24:13","guid":{"rendered":"https:\/\/pareamed.si\/?page_id=8298"},"modified":"2024-11-03T17:29:24","modified_gmt":"2024-11-03T17:29:24","slug":"kratkotrajna-driska","status":"publish","type":"page","link":"https:\/\/pareamed.si\/?page_id=8298","title":{"rendered":"Kratkotrajna driska"},"content":{"rendered":"\t\t<div data-elementor-type=\"wp-page\" data-elementor-id=\"8298\" class=\"elementor elementor-8298\">\n\t\t\t\t\t\t<section class=\"elementor-section elementor-top-section elementor-element elementor-element-1e24466 elementor-section-boxed elementor-section-height-default elementor-section-height-default\" data-id=\"1e24466\" data-element_type=\"section\">\n\t\t\t\t\t\t<div class=\"elementor-container elementor-column-gap-default\">\n\t\t\t\t\t<div class=\"elementor-column elementor-col-50 elementor-top-column elementor-element elementor-element-277327d\" data-id=\"277327d\" data-element_type=\"column\">\n\t\t\t<div class=\"elementor-widget-wrap elementor-element-populated\">\n\t\t\t\t\t\t<div class=\"elementor-element elementor-element-63ae7166 elementor-widget elementor-widget-text-editor\" data-id=\"63ae7166\" data-element_type=\"widget\" data-widget_type=\"text-editor.default\">\n\t\t\t\t<div class=\"elementor-widget-container\">\n\t\t\t\t\t\t\t<p><span style=\"text-decoration: underline;\"><strong>Kako si lahko pomagate sami ?<\/strong><\/span><\/p><p>Klju\u010dnega pomena je, da nadome\u0161\u010date izgubljeno teko\u010dino in minerale. V ta namen pijte blago sladkano ali blago slano vodo ali blago sladkane \u010daje.<\/p><p>V lekarni si lahko kupite peroralno rehidracijsko sol v obliki pra\u0161kov, s katero si doma pripravite rehidracijsko raztopino. V prehrani izbirajte jedi z malo balasta, obroki naj bodo manj\u0161i.<\/p><p>Priporo\u010den je prepe\u010denec, ri\u017e, banane, krompir, pre\u017eganke \u2026 U\u017eivajte manj mleka in mle\u010dnih izdelkov, sve\u017eega sadja in zelenjave, za\u010dinjene hrane in kave.<\/p><p>Pomagajte si tudi s probioti\u010dnimi pripravki, ki so dostopni v prosti prodaji.\u202f<\/p><p>\u00a0<\/p><p><span style=\"text-decoration: underline;\"><strong>Kdaj k zdravniku?<\/strong><\/span><\/p><div class=\"group\/conversation-turn relative flex w-full min-w-0 flex-col agent-turn\"><div class=\"flex-col gap-1 md:gap-3\"><div class=\"flex max-w-full flex-col flex-grow\"><div class=\"min-h-8 text-message flex w-full flex-col items-end gap-2 whitespace-normal break-words [.text-message+&amp;]:mt-5\" dir=\"auto\" data-message-author-role=\"assistant\" data-message-id=\"094752c5-1303-4522-9f06-fd147ba94417\" data-message-model-slug=\"gpt-4o\"><div class=\"flex w-full flex-col gap-1 empty:hidden first:pt-[3px]\"><div class=\"markdown prose w-full break-words dark:prose-invert dark\"><ul><li>V primeru zelo hude driske, ki se po dveh dneh samozdravljenja \u0161e poslab\u0161a.<\/li><li>Kadar drisko spremlja dolgotrajno bruhanje.<\/li><li>\u010ce je prisotna kri v blatu.<\/li><li>V primeru hudih kr\u010dev in bole\u010din v spodnjem delu trebuha.<\/li><li>\u010ce ste izrazito oslabeli in izsu\u0161eni (suha usta, huda \u017eeja, malo ali ni\u010d se\u010da, temen urin, omotica in hiter sr\u010dni utrip).<\/li><li>Pri ve\u010d dni trajajo\u010di driski s povi\u0161ano telesno temperaturo.<\/li><li>\u010ce imate druge kroni\u010dne bolezni (sladkorna bolezen, bolezen srca, zmanj\u0161ana odpornost organizma).<\/li><\/ul><\/div><\/div><\/div><\/div><\/div><\/div>\t\t\t\t\t\t<\/div>\n\t\t\t\t<\/div>\n\t\t\t\t\t<\/div>\n\t\t<\/div>\n\t\t\t\t<div class=\"elementor-column elementor-col-50 elementor-top-column elementor-element elementor-element-95731b9\" data-id=\"95731b9\" data-element_type=\"column\">\n\t\t\t<div class=\"elementor-widget-wrap elementor-element-populated\">\n\t\t\t\t\t\t<div class=\"elementor-element elementor-element-9106ecc elementor-widget elementor-widget-image\" data-id=\"9106ecc\" data-element_type=\"widget\" data-widget_type=\"image.default\">\n\t\t\t\t<div class=\"elementor-widget-container\">\n\t\t\t\t\t\t\t\t\t\t\t\t\t<img fetchpriority=\"high\" decoding=\"async\" width=\"667\" height=\"1000\" src=\"https:\/\/pareamed.si\/wp-content\/uploads\/2024\/11\/2147768319.jpg\" class=\"attachment-large size-large wp-image-8605\" alt=\"\" srcset=\"https:\/\/pareamed.si\/wp-content\/uploads\/2024\/11\/2147768319.jpg 667w, https:\/\/pareamed.si\/wp-content\/uploads\/2024\/11\/2147768319-200x300.jpg 200w, https:\/\/pareamed.si\/wp-content\/uploads\/2024\/11\/2147768319-600x900.jpg 600w\" sizes=\"(max-width: 667px) 100vw, 667px\" \/>\t\t\t\t\t\t\t\t\t\t\t\t\t<\/div>\n\t\t\t\t<\/div>\n\t\t\t\t\t<\/div>\n\t\t<\/div>\n\t\t\t\t\t<\/div>\n\t\t<\/section>\n\t\t\t\t<section class=\"elementor-section elementor-top-section elementor-element elementor-element-6c556beb elementor-section-boxed elementor-section-height-default elementor-section-height-default\" data-id=\"6c556beb\" data-element_type=\"section\">\n\t\t\t\t\t\t<div class=\"elementor-container elementor-column-gap-default\">\n\t\t\t\t\t<div class=\"elementor-column elementor-col-100 elementor-top-column elementor-element elementor-element-680042c3\" data-id=\"680042c3\" data-element_type=\"column\">\n\t\t\t<div class=\"elementor-widget-wrap\">\n\t\t\t\t\t\t\t<\/div>\n\t\t<\/div>\n\t\t\t\t\t<\/div>\n\t\t<\/section>\n\t\t\t\t<\/div>\n\t\t","protected":false},"excerpt":{"rendered":"<p>Kako si lahko pomagate sami ? Klju\u010dnega pomena je, da nadome\u0161\u010date izgubljeno teko\u010dino in minerale. V ta namen pijte blago sladkano ali blago slano vodo ali blago sladkane \u010daje. V lekarni si lahko kupite peroralno rehidracijsko sol v obliki pra\u0161kov, s katero si doma pripravite rehidracijsko raztopino. V prehrani izbirajte jedi z malo balasta, obroki [&hellip;]<\/p>\n","protected":false},"author":1,"featured_media":0,"parent":0,"menu_order":0,"comment_status":"closed","ping_status":"closed","template":"","meta":{"_acf_changed":false,"_monsterinsights_skip_tracking":false,"_monsterinsights_sitenote_active":false,"_monsterinsights_sitenote_note":"","_monsterinsights_sitenote_category":0,"footnotes":""},"class_list":["post-8298","page","type-page","status-publish","hentry"],"acf":[],"_links":{"self":[{"href":"https:\/\/pareamed.si\/index.php?rest_route=\/wp\/v2\/pages\/8298","targetHints":{"allow":["GET"]}}],"collection":[{"href":"https:\/\/pareamed.si\/index.php?rest_route=\/wp\/v2\/pages"}],"about":[{"href":"https:\/\/pareamed.si\/index.php?rest_route=\/wp\/v2\/types\/page"}],"author":[{"embeddable":true,"href":"https:\/\/pareamed.si\/index.php?rest_route=\/wp\/v2\/users\/1"}],"replies":[{"embeddable":true,"href":"https:\/\/pareamed.si\/index.php?rest_route=%2Fwp%2Fv2%2Fcomments&post=8298"}],"version-history":[{"count":20,"href":"https:\/\/pareamed.si\/index.php?rest_route=\/wp\/v2\/pages\/8298\/revisions"}],"predecessor-version":[{"id":8679,"href":"https:\/\/pareamed.si\/index.php?rest_route=\/wp\/v2\/pages\/8298\/revisions\/8679"}],"wp:attachment":[{"href":"https:\/\/pareamed.si\/index.php?rest_route=%2Fwp%2Fv2%2Fmedia&parent=8298"}],"curies":[{"name":"wp","href":"https:\/\/api.w.org\/{rel}","templated":true}]}}